*b. Let a(n) = n**2. Let u(o) = -o**3 - 5*o**2 - 8*o + 5. Let x(p) = -5*a(p) + u(p). Give x(b).
-4
Let a(v) = -v**3 - 35*v**2 - 6*v + 945. Let m be a(-34). Let k(o) = 2*o + 7. What is k(m)?
-7
Let h = 108 - 114. Let t(a) = a**2 + 3*a - 4. Let q(u) = 2*u**2 + 5*u - 8. Let w(c) = 3*q(c) - 7*t(c). Give w(h).
4
Let x(c) = c**3 - 3*c**2 - 2. Suppose 0*m = -5*z - 2*m + 80, -31 = -4*z + 5*m. Let j be (-8)/(-32) + z/8. Suppose 5*u + j - 17 = 0. What is x(u)?
-2
Suppose d = -d + 6, -w = -3*d + 15. Let q be ((-60)/(-40))/(w/(-20)). Let g(k) = -5*k - k**2 - 9 + 2 + 2*k**2. Give g(q).
-7
Let z(a) = -a - 7. Let g be (-38)/(-14) - (5 - (-111)/(-21)). What is z(g)?
-10
Let a = -4 + 6. Let m(j) = 4*j + 0 + 4 - j**a + 2. Suppose -2*d + 0*t = 2*t, 0 = -2*d - t + 5. Give m(d).
1
Suppose -213 = 2*h - 201. Let l(f) = -3*f - 9. What is l(h)?
9
Suppose -4*z + 5 = 4*d - 11, d + 2*z - 6 = 0. Let g(s) = -4*s + 5*s - 2*s**2 - 12*s**d. What is g(-1)?
-15
Let x be 72 + (0 - 1) - (3 - 0). Let c(s) = -2*s - 7*s**2 - 2*s - x*s**3 - 3 + 67*s**3. Give c(-7).
25
Let l(u) = 14*u**3 - u**2 + u. Let y(w) = w**3 + 15*w**2 + 13*w - 13. Let d = 16 + -26. Let h be d/45 - 248/18. Let v be y(h). What is l(v)?
14
Suppose -5*s - 20 = 0, 3 = 3*d - 4*s - 19. Let x(a) = -30*a**d - 2 + 7*a + 29*a**2 - 2. Let b be (-3 - -2)/(2/(-10)). Calculate x(b).
6
Let p(y) be the second derivative of -y**3/3 + 27*y**2/2 + 218*y. What is p(17)?
-7
Let t(n) = -n - 2. Let j be t(-8). Let m be (-65)/(-20) - (-1)/(-4). Let g(f) = 1 + f - m + 0. Give g(j).
4
Let s(y) = -4*y - 22. Let d be s(-6). Let a(x) = -4*x + 10. Let v be a(d). Let k(l) = l**3 - l**2 - l - 1. Calculate k(v).
1
Let k(d) = 11 - 3*d + 22 - 4 - 64. Determine k(-14).
7
Let r(z) = 5*z + 5*z - 8*z - 16. Let q be r(8). Suppose a + 2*n + 9 = q, n - 2*n = 3*a + 17. Let c(u) = u**3 + 6*u**2 + 4*u - 6. Give c(a).
-1
Let a(g) be the second derivative of -g**5/12 + 5*g**3/6 + 7*g. Let d(r) be the second derivative of a(r). Calculate d(1).
-10
Let y(i) = -i**3 + 9*i**2 + i + 16. Let a be y(9). Let p(x) = 9 - a*x**2 + 24*x**2 - 3 - 8*x. Suppose 0 = -4*j - 2*w - 28, 4*j + 48 = w + 2*w. Determine p(j).
-3
Let c(u) = -u**3 + 7*u**2 - 6*u + 3. Let z be (-1)/((-1)/(-6)*-2). Suppose 4*a + 3*r = 24, 5*a + 0 - z = 3*r. Suppose 0 = a*t - 0*t - 18. What is c(t)?
3
Let p(b) = 16*b + 1. Let h be -3*(3 + (-8)/3)*1. What is p(h)?
-15
Let k = -37 - -47. Let p(d) = -d**2 + 7*d - 5. What is p(k)?
-35
Suppose 0 = -3*l - 2*c - 32, 0*l - 28 = 3*l - 2*c. Let h = l - -5. Let j(i) = -i - 5. What is j(h)?
0
Let d(q) = -q**2 - 2*q + 14. Let w be 4 - 23/((-184)/(-80)). Calculate d(w).
-10
Suppose 12 = 5*d - d. Let m(b) = -5*b - b**d + 9*b**2 - 5*b**2 + b**2 + 1 + 1. What is m(5)?
-23
Let q(p) = 0*p**3 - 5*p**2 - p**3 + 11 - 6 - 3 + 7*p. Suppose 3*d = 4*j - 38, 4 - 9 = 5*d + 5*j. Give q(d).
-4
Let p(i) = i**2 + 6*i + 2. Let a(l) = -l**3 + 11*l**2 - l + 13. Let n be a(11). Let r(t) = 4*t + 5 - 3 + 0 + n. Let z be r(-2). Calculate p(z).
-6
Let l be 5/2*(-216)/270. Let r(y) = y**2 - y + 2. Give r(l).
8
Let o be (-5 + -5)*(-4)/2. Suppose -4*h + 4*z = 32, 5*z + o = -3*h - 4. Let w(l) = -l**2 - 8*l + 3. Give w(h).
3
Suppose -2*n + 61 + 3 = 0. Let g be -2*(-4)/n*8. Let i(b) = b**2 - 3*b + 3*b**g + b**3 - 5 + 2*b. What is i(-4)?
-1
Suppose -2*m = 5*l + 7, 5*m - 3*l = 2*l + 35. Let u(p) = -2*p**3 - 4*p**2 + 6*p**3 + 3*p - 3*p**3 + 0 - m. Calculate u(4).
8
Let a(d) = -5*d**2 + 20 + 0*d + d**3 - 16 + 2*d. Let u(p) = -p**2 + p + 1. Let t(j) = a(j) - 4*u(j). Determine t(2).
0
Let a(t) = -t**3 - 6*t**2 + 6*t - 5. Suppose 4*m = -r - 16, 1 = 5*r - 3*m - 34. Suppose -3*n - 26 = 6*g - 4*g, -4*g = -r*n + 12. Calculate a(g).
2
Let l(b) be the first derivative of -b**5/120 - 3*b**4/8 + b**3 - 9. Let t(o) be the third derivative of l(o). Let z be t(-15). Let v(a) = a - 2. What is v(z)?
4
Suppose -l + 6 = -2*j, -j + l - 3 - 1 = 0. Let q(r) be the second derivative of r**5/20 - 2*r**3/3 - 3*r**2/2 - 108*r. Calculate q(j).
-3
Let x(a) = -a - 11. Let u = -2 + -5. Let l be x(u). Let f(d) = -3*d - 1. Determine f(l).
11
Suppose -35 = 12*f - 19*f. Let h(y) = -y**3 + 5*y**2 + 3*y - 4. Give h(f).
11
Let z(w) = -2*w + 1. Let l = -5 - -7. Suppose 13 = -l*c + 5. Give z(c).
9
Let m be (27/(-6))/((-141)/(-188)). Let w(n) = 2*n**2 + 12*n + 15. Determine w(m).
15
Suppose 20 = -5*u, j - 3*u = -u + 11. Let x(a) = a**2 - 2*a. Let q be x(j). Let y(i) = -3 + i**2 - 4*i - 2*i + 2*i. Give y(q).
-6
Let j(p) = -31*p**2 - 15*p + 25*p - 1 + 32*p**2. Calculate j(-7).
-22
Suppose -3*o = -18 - 3. Suppose -5*u + o*u = 0. Let p(m) = m**2 - m - 5. Calculate p(u).
-5
Let l(x) = 11 - 5*x - 26 + 22. Determine l(6).
-23
Let f(t) = t**3 - 4*t**2 - 5*t + 2. Let z be f(5). Let c(h) = -8*h - z + 5*h + h + 3*h. Give c(6).
4
Let l = -15 - -18. Let b be ((-3)/3)/(l/15). Let x(y) = y**3 + 6*y**2 + 6*y - 2. Calculate x(b).
-7
Let q be (65/(-30) - -3)*(-8)/(-10). Let s(b) be the first derivative of 6 - b**2 - q*b**3 + 0*b. What is s(-2)?
-4
Let j = 1694 + -1689. Let q(t) = t**3 - 7*t**2 + 5*t - 4. Determine q(j).
-29
Let k(l) = l - 3. Suppose 5*b - 14 = -q, -19*q = -24*q - 3*b - 18. Give k(q).
-9
Let j(d) = d**2 + d + 15. Let p = 19 - 15. Suppose 36 = -p*n - 0. Let t = n - -9. Calculate j(t).
15
Suppose -295 - 449 = 62*y. Let p(d) = -d**2 - 12*d - 13. Give p(y).
-13
Let w(h) = 2*h**3 + h**2 - 1. Let f(i) = 13*i**3 - 4. Let n(j) = f(j) - 6*w(j). Give n(6).
2
Let s(a) = a**3 - 9*a**2 - a - 5. Let x(o) = o**3 - 9*o**2 - o - 4. Let l(p) = -6*s(p) + 5*x(p). What is l(9)?
19
Let g(o) be the third derivative of -o**5/60 - o**4/3 - 11*o**3/6 + 27*o**2 + 5. Give g(-6).
1
Let p(a) be the second derivative of -1/12*a**4 - 3*a - 2*a**2 + 0 + 1/2*a**3. What is p(4)?
-8
Let s(k) = -k + 1. Let c = 27 - 26. Let o be 1296/(-504) - (c + 8/(-14)). Give s(o).
4
Let x(j) = j**2 + 9*j - 16. Let o be (132 + -129)/((6/(-11))/2). Determine x(o).
6
Suppose 2*f + 0*f - 37 = h, 3*h = -f + 8. Let r(l) = f*l - l**2 + 18*l - 23*l - 3 + 0*l**2. Determine r(11).
8
Let z(s) = s**3 + 2*s + 3*s**3 - 1 + 7*s**3. Give z(1).
12
Let t(a) be the third derivative of a**6/720 - 7*a**5/120 - a**4/8 - 7*a**2. Let x(b) be the second derivative of t(b). What is x(8)?
1
Let g(k) = k - 5. Let h(y) = -y + 3. Let d(r) = 2*g(r) + 5*h(r). Suppose 7 = -m + 4. Let t be 6 - (m - (-2 - 2)). Determine d(t).
-10
Suppose -16*s = -7*s. Let t(n) = n - 7. Calculate t(s).
-7
Let c = 1620 - 1610. Let a(f) = -f**3 + 10*f**2 - f - 2. What is a(c)?
-12
Let z(b) = 4*b + 18. Suppose -3*t + 35 = 2*t + 5*h, -t = -3*h + 13. Let m(s) = -288 + 282 + 0*s - s. Let p(r) = t*z(r) + 7*m(r). Give p(0).
-6
Let v(j) be the third derivative of 5*j**4/24 + j**3/2 + 57*j**2. Calculate v(-2).
-7
Let c(f) = -139*f + 143. Let y be c(1). Let x(m) = 5*m**3 + 3*m - 1. Let j(o) = -o**3 - o**2 - o + 1. Let i(s) = 4*j(s) + x(s). Determine i(y).
-1
Let s(j) = 16*j**2 - 2 - 2*j - 12*j**2 + 4*j**2. Calculate s(-2).
34
Let c(o) be the first derivative of o**3/3 - o**2/2 - 5*o + 6. Calculate c(4).
7
Let x(s) be the first derivative of s**3 - 2*s**2 + 20*s - 24. Let v(n) be the first derivative of x(n). What is v(4)?
20
Let i be (-96)/(-27) - -14*12/378. Let b(t) = t**2 - 4*t - 2. Give b(i).
-2
Let w(u) = u**3 - 9*u**2 + 8*u - 12. Let z = -242 - -250. Calculate w(z).
-12
Let y(b) = 2*b - 7. Let w(n) = n**3 + 24*n**2 + 127*n - 23. Let m be w(-16). Give y(m).
-21
Let l(n) = n**3 - 5*n**2 - n - 5. Let f be (-33)/(-7) + (120/(-70) - -2). Calculate l(f).
-10
Let y(i) = 14*i**2 - 79*i - 16. Let t(s) = 5*s**2 - 27*s - 5. Let j(k) = 17*t(k) - 6*y(k). What is j(-14)?
-3
Let g be -2*(4 - 3) + 4. Let i(o) = -o**3 + 5*o - 15 + 2*o**3 + 7 + 7*o**g. Give i(-6).
-2
Let d(i) = -46*i**3 - i**2 + 1. Let c be 2 + 10/(-11) + (-9)/99. Give d(c).
-46
Let i(z) be the first derivative of -z**3/3 + 3*z**2/2 - 8*z + 49. What is i(6)?
-26
Suppose -4*f + 26 = 82. Let v(z) = -2*z - 23. Calculate v(f).
5
Let w(n) be the first derivative of -n**5/20 - n**4/12 - n**3/6 - 6*n**2 - 16*n - 7. Let x(b) be the first derivative of w(b). Determine x(0).
-12
Let d(p) = p**2 - 2*p - 1. Let h(o) = -4*o**2 - 2*o + 16. Let f be h(4). Let z = f + 61. Determine d(z).
14
Let k(s) = 2*s + 8. Let c(t) = -9*t**2 + 2*t - 1. Let f(a) = a**3 + 10*a**2 - a. Let h(w) = -4*c(w) - 3*f(w). Let z be h(2